the units digit of m?
5
Let j(r) = -r**2 + 3*r - 2. Let g be j(1). Suppose 4*q + 20 = 0, -5*l + 6*q - q + 780 = g. What is the tens digit of l?
5
Let q be 1/(-2*(-2)/(-256)). Let x = q + 94. Suppose x = 2*h + h. What is the tens digit of h?
1
What is the hundreds digit of (-1181)/(11 - (0 + 12))?
1
Let f(x) = -5 - 2 - 1 + 2*x. Let t(l) = -l. Let n(c) = f(c) - 3*t(c). What is the tens digit of n(9)?
3
Suppose 2*q + 5*p - 427 - 424 = 0, -1267 = -3*q + 2*p. What is the hundreds digit of q?
4
Let m = -12355 + 18451. What is the tens digit of m?
9
Suppose 240 + 1370 = 7*b. What is the hundreds digit of b?
2
Let t be 5/((-2)/60*-2). Let n(w) = -w**2 - 2*w + 18. Let o be n(-5). Suppose -o*i = -0*i - t. What is the tens digit of i?
2
Let f be (-8)/3*(695/(-10) - -2). Suppose 12*j = 7*j + f. What is the tens digit of j?
3
Let h = -3831 + 6138. What is the units digit of h?
7
Suppose 7*r - 16 = 3*r. Let o be (6/r)/(6/56). Let d = o - -3. What is the tens digit of d?
1
Let z(k) = 40*k + 36. Let t be z(11). Suppose t = -3*m + 1211. What is the hundreds digit of m?
2
Let z = 43 - -61. Let b = 188 - z. What is the units digit of b?
4
Let n(j) = 4*j**2 + 53*j - 7. What is the tens digit of n(-16)?
6
Let c = -210 - -410. What is the units digit of c?
0
Suppose -4*c - 862 = -3*n, -5*n + 3*n + 5*c = -577. What is the tens digit of n?
8
Let n = -4 + -2. Let f = n + 9. Suppose 0 = -f*i + 12 + 9. What is the units digit of i?
7
Suppose -2*l = 5*x - 1915, 13*x - 5*l + 1900 = 18*x. What is the hundreds digit of x?
3
Let j(c) = -70*c - 3. Let g be j(-10). Suppose 0 = 11*d - g - 777. What is the units digit of d?
4
Let z(j) = -j**3 + 16*j**2 - 20*j - 23. What is the tens digit of z(14)?
8
What is the hundreds digit of 575/230*(-2366)/(-5)?
1
Let m be (-33)/(-9) - (-2)/(-3). Suppose -z = -m*z + 202. What is the tens digit of z?
0
Suppose -37*k - 6119 = -5*h - 41*k, -h + 1231 = -k. What is the thousands digit of h?
1
Suppose 4*d - 4*g - 2716 = 0, 2*d + 2676 = 6*d + 4*g. What is the tens digit of d?
7
Let z = 4 - 2. Let f(t) = 3*t**3 + 2*t**2 + 2. Let x be f(z). Suppose -o + 25 = -x. What is the tens digit of o?
5
What is the hundreds digit of (11118/170)/(2/30)?
9
Let h be 3/1*246/(-9). Let i = 119 + h. What is the units digit of i?
7
Let w(s) = -3 - s + 5*s - 1 - 20. Let u be w(7). Suppose 35 + 213 = u*v. What is the tens digit of v?
6
Suppose -10*o = 5 - 25. Suppose q - 5*q - 618 = -3*j, -2*q = -o*j + 412. What is the units digit of j?
6
Suppose -4*u = -u - 2034. What is the units digit of u?
8
What is the hundreds digit of ((-2)/6)/(0 + (-2)/2874)?
4
Suppose -4*x + 26 = -2*x. Suppose 4*s = -3*m - x - 22, s = 2*m + 5. Let g = m - -41. What is the tens digit of g?
3
Let a be -4*(-2)/(-20)*(-2791 + 1). What is the tens digit of 1*a/(5 + 1)?
8
What is the units digit of -6 + 224/35 - 2526/(-10)?
3
Suppose 3 = 3*m, -23 = p - 2*m - m. Suppose 0 = -c - 5 - 1. Let f = c - p. What is the units digit of f?
4
Suppose 6*x = 11*x - 15. Suppose 5*y = -x*r + 29, -2*y + 3*y = 4*r - 31. What is the units digit of (-2)/r + (-100)/(-16)?
6
Let j(q) = q**2 + 4*q + 5. Let a be j(-3). Suppose 510 = 8*f - a*f. What is the units digit of f?
5
Let u = 7 + -6. Suppose u + 8 = 3*a. Suppose -5*s + 4*h + 101 = 0, 8*s + a*h - 73 = 3*s. What is the units digit of s?
7
Suppose 0*u - 5*u - 35 = 0. Let w = 2 - u. Let j = w + -2. What is the units digit of j?
7
Suppose 9*j + 8*j - 10591 = 0. What is the tens digit of j?
2
Suppose 0 = -l - 3*z + 135, -5*z + 4*z + 381 = 3*l. Let c = l - 61. What is the tens digit of c?
6
Let h(j) = -j**3 - 8*j**2 + 8*j + 7. Let m be h(-9). Let d = -14 + m. Suppose -27 = d*n - 105. What is the tens digit of n?
3
What is the hundreds digit of (603/15 + 7)/(2/45)?
0
Suppose 5*w = 49 - 34. Suppose -3*m - m = -3*y + 30, w*m + 30 = 3*y. What is the tens digit of y?
1
Let u(i) = 7*i + 2. Let r be u(1). Let q = r + 25. What is the tens digit of q?
3
Let f(r) = 9*r**3 - 2*r**2 + 10*r - 9. What is the tens digit of f(4)?
7
Suppose -u = 4*u. Suppose u = a - 2*a + 38. What is the units digit of a?
8
Let t(a) = -186*a + 10*a**2 - a**3 + 10 + 2 + 179*a. What is the units digit of t(5)?
2
Let k(a) = -a**3 + a**2 - 2*a + 3. Let d be k(0). Suppose 0 = d*o + 16 - 1, -3*f = -5*o - 37. What is the units digit of (-2268)/(-49) + f/(-14)?
6
Let s = -92 + 106. What is the tens digit of (-2 + s + -2)*(-225)/(-15)?
5
Let b = -7 - -3. Let y = b - -5. Let w = 7 - y. What is the units digit of w?
6
Let t = -26 - -33. Suppose -t*r + 10 = -6*r. Let q = 5 + r. What is the units digit of q?
5
Suppose 4*l - 5711 = -5*v, -4*v + 4564 = 3*l - l. What is the units digit of v?
9
Suppose -15 + 5 = f. Let p = f + 21. Suppose 3*i - 18 - p = z, 4*i = -3*z + 56. What is the tens digit of i?
1
Suppose 133*o + 3374 = 147*o. What is the hundreds digit of o?
2
Suppose 480 = y - 22. What is the units digit of y?
2
Let s(p) = -p**3 - 8*p**2 + 6*p - 12. Let l be (-4 + -23)*2/6. Let x be s(l). Suppose 7 + x = 2*k. What is the tens digit of k?
1
Suppose -37 + 10 = -3*t. Let m = -45 - t. Let r = -1 - m. What is the units digit of r?
3
Suppose 0 = -7*d + 1313 - 95. What is the hundreds digit of d?
1
Let l = 819 - 493. What is the tens digit of l?
2
Let f = -33 - -661. What is the units digit of f?
8
Suppose -5*d + 1250 = -5*g, -5*d - 5*g + 493 = -3*d. What is the tens digit of d?
4
Let y be 32/5 - (-16)/(-40). Suppose -y*w - 81 + 273 = 0. What is the tens digit of w?
3
Let j(o) = -o - 9. Let f be j(-8). Let p be f - -1 - (-2 + 3). What is the units digit of 10/((3 + -4)*p)?
0
Suppose 2*l + 720 = 2*p, 2*p = 11*l - 12*l + 723. What is the hundreds digit of p?
3
Suppose 4 = r - 3*r. Let n be (-1281)/(-15) - r/(-5). Suppose 3*w = l - n + 22, -3*l = -4*w - 179. What is the tens digit of l?
5
What is the tens digit of (-161)/(-46)*16/2?
2
Let p = -4 + 4. Suppose -3*a - 2*b = -176 + 64, 2*a + 2*b - 74 = p. What is the tens digit of a?
3
Suppose 0 = 2*s - 3*q + 12, -4*s + 5*q - 16 = 4. Suppose s = 2*j - 4*j + 200. Suppose 2*h - 5*z - 35 = 0, -z - j = -4*h + 3*z. What is the units digit of h?
0
Suppose -o - 4*y + 12 = 0, -3*o = -7*o - 4*y + 12. Suppose -j = -o - 4. What is the units digit of (j + -1)/(9/51)?
7
Let f = -6 - 0. Let a(t) be the second derivative of -2*t**3/3 - 9*t**2/2 - 11*t. What is the units digit of a(f)?
5
Let z(f) = 42*f**2 - 12*f - 15. What is the thousands digit of z(6)?
1
Let f(u) = -u**2 + 3*u + 4. Let x be f(3). Suppose -h - 50 = 5*j, x*h - h - 20 = 2*j. What is the units digit of (-16)/40 + (-44)/j?
4
Let t(h) = 2*h - 18. Let o be t(11). Suppose -75 = -o*p - 15. What is the tens digit of 202/5 + (-6)/p?
4
Suppose -44*a = -40*a - 3308. What is the hundreds digit of a?
8
Let m(g) = 2*g**2 - 29*g + 16. Let f be m(14). What is the units digit of 101 + (2 - -1 - f)?
2
Let b = -132 + 128. What is the units digit of b/(-3)*(-405)/(-2)?
0
Let k be 5 - -1 - (1 + 3). Suppose -4*q - 528 = -5*n, 420 = -3*n + 7*n - k*q. What is the tens digit of n?
0
Let b(v) = 54*v**2 - 5*v - 21. What is the units digit of b(6)?
3
Let k = -46 - -85. Let o = -20 + k. What is the tens digit of o?
1
Suppose -4*g = 0, 0 = -0*c - c - 2*g - 20. Let s = -4 - c. What is the tens digit of s?
1
Let u be 46/(-10) + (-12)/30. Let s(n) = n**3 + 5*n**2 + 3. Let o be s(u). Suppose 0 = -o*y + 4*y - 8. What is the units digit of y?
8
What is the units digit of (41/6 - 7) + 3266/12?
2
Suppose -20410 = -21*q - 5*q. What is the tens digit of q?
8
Let i be 1*((-3)/(-3) + -4). What is the units digit of 10 + (-3 - (-3 + i))?
3
Let q(v) = v**3 + 3*v**2 - 4*v - 6. Let k be q(-4). Let m(h) = -8*h + 3. What is the units digit of m(k)?
1
Let h = 6459 - 3882. What is the hundreds digit of h?
5
Let j(y) = 458*y**2 - 19*y + 61. What is the hundreds digit of j(3)?
1
Let t(u) = 3*u**2 + 8*u + 7. Let m(q) = 13*q**2 + 31*q + 29. Let d(h) = 2*m(h) - 9*t(h). Let p be d(-9). Suppose p*g - 90 = g. What is the tens digit of g?
3
Suppose -15*k + 12 = -13*k. Suppose -k*t + 1497 - 531 = 0. What is the tens digit of t?
6
Let y be (-3)/6 + (-18)/12. What is the tens digit of -4 - (0 - y - 59)?
5
Let c(h) = -h**2 + 4*h + 2. Let f be c(4). Let g = f + 2. Suppose -g*a + a = -117. What is the units digit of a?
9
Let d(l) = 9*l - 46. Let z be d(6). Let a = z - -11. What is the 